 of 47?
False
Is 708 a factor of 10271664?
True
Is 112 a factor of 1328475680?
True
Is 88 a factor of 8868992?
True
Is 274 a factor of 1646751234?
True
Is 49 a factor of 8617604?
False
Does 17 divide 1221339279?
True
Is 310765589 a multiple of 26?
False
Is 266616718 a multiple of 11?
False
Is 42 a factor of 142942254?
True
Is 87353645 a multiple of 181?
False
Is 52171012 a multiple of 262?
True
Is 4 a factor of 47503150?
False
Is 18 a factor of 1828530360?
True
Is 54536985 a multiple of 18?
False
Does 117 divide 184916227?
False
Is 1480 a factor of 72387702?
False
Is 185 a factor of 11268721?
False
Is 48 a factor of 6915600?
True
Does 11 divide 279584569?
True
Is 1578 a factor of 1800158730?
True
Is 1621 a factor of 385366814?
True
Is 7013620 a multiple of 4?
True
Is 116 a factor of 464796336?
False
Does 232 divide 75977898?
False
Is 162 a factor of 505448542?
False
Is 167 a factor of 7426353?
False
Is 97 a factor of 29184196?
True
Is 1308587039 a multiple of 1270?
False
Does 24 divide 396828456?
True
Is 115 a factor of 1018496933?
False
Is 262029584 a multiple of 16?
True
Is 35001923 a multiple of 1489?
True
Does 22 divide 69156670?
True
Is 124 a factor of 8827932?
True
Is 22193674 even?
True
Is 134 a factor of 85056232?
True
Does 14 divide 926497546?
False
Does 13 divide 4800459690?
True
Is 138782931 a multiple of 228?
False
Is 51 a factor of 498090466?
False
Does 131 divide 66193474?
False
Is 20 a factor of 206865924?
False
Does 60 divide 524037685?
False
Is 2 a factor of 22973690?
True
Is 131735417 a multiple of 19?
True
Does 51 divide 24974955?
True
Is 599332235 a multiple of 29?
False
Is 141 a factor of 56816702?
False
Is 21 a factor of 50705389?
False
Does 54 divide 79632288?
True
Is 62297370 a multiple of 10?
True
Is 59082496 a multiple of 256?
True
Is 39886612 a multiple of 163?
False
Is 97672272 a multiple of 16?
True
Does 14 divide 366703950?
False
Does 33 divide 26167459?
False
Is 2984 a factor of 53153160?
False
Is 355609490 a multiple of 49?
False
Is 16926116 a multiple of 557?
True
Is 21 a factor of 24597807?
False
Does 489 divide 13620117?
True
Is 355991238 a multiple of 6?
True
Is 7932600 a multiple of 1469?
True
Is 30 a factor of 179837715?
False
Is 509051592 a multiple of 147?
True
Does 93 divide 1002428028?
True
Is 1678886924 a multiple of 11801?
False
Does 3 divide 6938982?
True
Is 1293592 a multiple of 776?
True
Is 25168008 a multiple of 4?
True
Does 4 divide 2879532?
True
Is 534013170 a multiple of 7451?
True
Does 22 divide 32448020?
True
Is 317 a factor of 126309225?
False
Is 26 a factor of 51375272?
True
Does 3289 divide 2125956895?
False
Is 161437745 even?
False
Is 754 a factor of 12572950?
True
Does 176 divide 880676?
False
Is 150 a factor of 10296150?
True
Is 122 a factor of 10697326?
True
Is 527 a factor of 156313626?
False
Is 7865 a factor of 2763344155?
True
Is 4075 a factor of 318074125?
True
Is 4 a factor of 1067448?
True
Does 652 divide 251876728?
True
Does 15 divide 33227355?
True
Is 675659176 a multiple of 8?
True
Is 25616266 a multiple of 628?
False
Does 1460 divide 607552816?
False
Is 10 a factor of 2911419?
False
Does 63 divide 2175565140?
True
Is 154340670 a multiple of 11?
True
Does 269 divide 10319038?
False
Is 129563447 a multiple of 1752?
False
Is 1787 a factor of 26391993?
False
Is 167190982 a multiple of 25?
False
Is 47199059 a multiple of 2866?
False
Is 17 a factor of 4290440?
False
Is 597 a factor of 52034672?
False
Is 1289 a factor of 1608594660?
True
Is 71040354 a multiple of 42?
True
Does 30 divide 2214475830?
True
Is 252140880 a multiple of 17?
False
Is 337863121 a multiple of 4643?
False
Is 328636980 a multiple of 180?
True
Is 1180 a factor of 940555826?
False
Is 76495368 a multiple of 456?
True
Is 398 a factor of 1650708184?
True
Is 405 a factor of 75532577?
False
Is 5952727 a multiple of 3?
False
Does 36 divide 38830320?
True
Is 4 a factor of 869809?
False
Is 208969330 a multiple of 89?
True
Is 647 a factor of 109481803?
False
Does 606 divide 548308173?
False
Is 47 a factor of 37995623?
False
Does 10580 divide 4258862620?
True
Is 13 a factor of 2448446?
True
Is 689 a factor of 953172246?
True
Is 14216844 a multiple of 348?
True
Does 25 divide 24219625?
True
Does 2 divide 47417937?
False
Is 4947629727 a multiple of 222?
False
Is 49 a factor of 78045487?
False
Is 81935482 a multiple of 540?
False
Does 49 divide 1231351959?
False
Is 569 a factor of 38190142?
True
Is 86 a factor of 78982225?
False
Does 155 divide 18681020?
False
Is 84 a factor of 17983608?
False
Does 1042 divide 3530296?
True
Does 723 divide 65012883?
True
Does 14 divide 58672068?
True
Is 378 a factor of 261370631?
False
Is 48 a factor of 32617927?
False
Is 59611518 a multiple of 282?
False
Does 53 divide 4449657?
False
Does 33 divide 769072293?
True
Does 299 divide 612694654?
True
Is 21079767 a multiple of 41?
False
Does 48 divide 4932113472?
True
Is 390978520 a multiple of 98?
False
Is 598 a factor of 49731474?
True
Is 201660666 a multiple of 97?
False
Does 115 divide 23489210?
True
Does 14 divide 13153384?
False
Does 809 divide 844856936?
False
Is 122 a factor of 28044628?
True
Is 36 a factor of 585664452?
True
Does 7 divide 75601410?
False
Does 11 divide 2397318979?
True
Is 1469302653 a multiple of 21?
True
Does 1538 divide 323470622?
True
Does 374 divide 1835589756?
True
Does 242 divide 472253064?
False
Is 516 a factor of 49477692?
True
Does 31 divide 8551365?
False
Is 2039 a factor of 228682006?
True
Is 31553239 a multiple of 90?
False
Is 1694715750 a multiple of 3875?
True
Does 205 divide 23992995?
True
Does 1186 divide 200634434?
True
Is 11 a factor of 863623848?
False
Is 311178160 a multiple of 475?
False
Is 8 a factor of 22202128?
True
Is 252 a factor of 27475740?
False
Is 303 a factor of 2370066?
True
Is 186931799 a multiple of 20?
False
Is 1191 a factor of 22525387?
False
Does 5820 divide 601977883?
False
Is 155473620 a multiple of 4854?
True
Is 671528982 a multiple of 24?
False
Is 18 a factor of 3567531456?
True
Is 3 a factor of 22372201?
False
Is 16084 a factor of 5937119088?
True
Is 242529824 a multiple of 2441?
False
Is 38702319 a multiple of 697?
True
Is 3 a factor of 607886838?
True
Is 8896155 a multiple of 15?
True
Is 331 a factor of 136316904?
False
Is 136376650 a multiple of 2150?
True
Is 5137926 a multiple of 642?
True
Is 1369600 a multiple of 20?
True
Is 407 a factor of 8209174?
False
Is 39 a factor of 3491260500?
True
Does 10 divide 53329160?
True
Is 979945165 a multiple of 16?
False
Is 3218512068 a multiple of 6574?
True
Is 371510145 a multiple of 23?
True
Is 3432 a factor of 2918782152?
True
Is 75 a factor of 1023061631?
False
Does 63 divide 440039127?
False
Does 11 divide 508007240?
False
Is 106397060 a multiple of 10?
True
Does 27 divide 67999700?
False
Is 791038344 a multiple of 212?
False
Does 379 divide 26652796?
True
Is 6247 a factor of 623588034?
True
Does 241 divide 81283757?
True
Is 2 a factor of 11419980?
True
Is 39 a factor of 1222839628?
False
Is 223528926 a multiple of 3973?
True
Is 16548354 a multiple of 342?
True
Is 28 a factor of 20512218?
False
Is 55 a factor of 143118690?
True
Does 152 divide 758176?
True
Is 285518907 a multiple of 321?
True
Is 312 a factor of 7427472?
True
Is 231407000 a multiple of 1544?
True
Is 21650701 a multiple of 159?
False
Does 350 divide 104274800?
True
Does 420 divide 71074049?
False
Is 23 a factor of 2105673?
True
Is 82 a factor of 328246?
True
Does 3982 divide 2683785322?
False
Does 799 divide 210839321?
True
Does 362 divide 35389408?
False
Does 13 divide 1828925124?
True
Does 63 divide 191731409?
False
Is 7309406 even?
True
Does 380 divide 3902375800?
True
Does 38 divide 14370156?
True
Is 93 a factor of 698988?
True
Is 117941934 a multiple of 894?
False
Does 391 divide 4523870?
True
Does 1254 divide 25653078?
True
Is 1287 a factor of 22558878?
False
Is 718 a factor of 4688721?
False
Is 14 a factor of 876516578?
True
Is 7807351326 a multiple of 19?
False
Does 8 divide 22751822?
False
Does 67 divide 19213188?
True
Does 9 divide 17277893?
False
Does 613 divide 31976532?
True
Is 59 a factor of 85793788?
True
Is 134242343 a multiple of 1993?
False
Is 57 a factor of 75451284?
False
Does 106 divide 762945388?
True
Does 46 divide 14175086?
False
Does 14 div